 is 3650 + 6?
3656
In base 5, what is -4 - 10231?
-10240
In base 6, what is 33 - -11?
44
In base 9, what is 11 - 20?
-8
In base 12, what is -8593 + 5?
-858a
In base 9, what is 7 - 30?
-22
In base 12, what is 2 - -16?
18
In base 12, what is -1277 + 5?
-1272
In base 13, what is -9c0 - -5?
-9b8
In base 12, what is -16 - -60?
46
In base 15, what is 0 + -3e?
-3e
In base 11, what is -2500 - -2?
-24a9
In base 12, what is -1 - b?
-10
In base 3, what is 12 - -11022011?
11022100
In base 5, what is 201 - 4?
142
In base 10, what is -1 + -657?
-658
In base 10, what is 265 + 3?
268
In base 11, what is 5 - -a7?
101
In base 15, what is c - -90?
9c
In base 13, what is -255 + -4?
-259
In base 5, what is 22 + -314?
-242
In base 9, what is -3507 + 2?
-3505
In base 11, what is -1 + -160a?
-1610
In base 14, what is 4 - -54?
58
In base 13, what is 3c + 5?
44
In base 2, what is 1101 + 1100000001?
1100001110
In base 14, what is ba - -9?
c5
In base 6, what is -2330 - 4?
-2334
In base 2, what is 100 + 1011011100?
1011100000
In base 13, what is 13 + 4?
17
In base 13, what is -18 - 112?
-12a
In base 5, what is 100103 - -4?
100112
In base 4, what is -3 - 10?
-13
In base 2, what is 1011011 + 111?
1100010
In base 5, what is 3 - 403?
-400
In base 14, what is -b + -18c?
-199
In base 3, what is 222202 - 22?
222110
In base 6, what is -1132 + 51?
-1041
In base 11, what is -7 + -23?
-2a
In base 10, what is -5 - -3266?
3261
In base 15, what is 92 - 3?
8e
In base 4, what is 2 - 103333?
-103331
In base 3, what is -22020 - -110?
-21210
In base 4, what is 2 + 1010200?
1010202
In base 2, what is 111101 + -10?
111011
In base 10, what is 5 - -209?
214
In base 8, what is 113 - 0?
113
In base 7, what is 2 + -41?
-36
In base 14, what is -1 + 3d?
3c
In base 5, what is 40233 + 10?
40243
In base 3, what is -11002021 - -12?
-11002002
In base 2, what is -11110100001 - 100?
-11110100101
In base 15, what is 2 + -3a6?
-3a4
In base 5, what is -131001 + -2?
-131003
In base 3, what is 12001 + -111?
11120
In base 4, what is -2 - 1122103?
-1122111
In base 11, what is -2a31 - 3?
-2a34
In base 8, what is 4 + 124?
130
In base 12, what is 4 + 444?
448
In base 7, what is 41152 - 5?
41144
In base 13, what is -4 - -cb?
c7
In base 3, what is -11 - -2010?
1222
In base 16, what is -2 - -37f?
37d
In base 11, what is -119 - 3?
-121
In base 7, what is -2 - -1036?
1034
In base 9, what is 13 + -344?
-331
In base 9, what is -754 - -1?
-753
In base 12, what is -359 + -3?
-360
In base 3, what is -2112211 - -12?
-2112122
In base 6, what is 12 - -45?
101
In base 3, what is -2121 + 0?
-2121
In base 5, what is -24 + 40?
11
In base 16, what is -121 - 3?
-124
In base 3, what is 2 + -11000?
-10221
In base 15, what is 70 + 2?
72
In base 4, what is 1003 + -11?
332
In base 9, what is -70 - -6?
-63
In base 11, what is -177 - -3?
-174
In base 4, what is -2013 - 123?
-2202
In base 13, what is 5 - 643?
-63b
In base 13, what is 2905 - -4?
2909
In base 8, what is 5 - 64?
-57
In base 16, what is -27 + -6e?
-95
In base 5, what is 4 - -142?
201
In base 15, what is 578 + 2?
57a
In base 15, what is 1 - -d3?
d4
In base 4, what is 10 + 231?
301
In base 15, what is 127 - -17?
13e
In base 8, what is 15 - -35?
52
In base 6, what is -424 + 1?
-423
In base 2, what is -11100101011 + 10?
-11100101001
In base 14, what is ab0 - -4?
ab4
In base 14, what is 7 + -22d?
-226
In base 7, what is -43 + 1?
-42
In base 4, what is -21 + 23?
2
In base 10, what is 36 - -39?
75
In base 13, what is -7 - 7c1?
-7c8
In base 5, what is -3 + -2132?
-2140
In base 10, what is 6310 + 5?
6315
In base 14, what is -5 + -3d?
-44
In base 7, what is 363 + 5?
401
In base 14, what is 5 - -6a5?
6aa
In base 5, what is -111 - 102?
-213
In base 7, what is -1144 - 2?
-1146
In base 10, what is -6 - -919?
913
In base 15, what is 5 + -91?
-8b
In base 8, what is 3 + 72?
75
In base 12, what is -1 - -859?
858
In base 15, what is -80 - 2?
-82
In base 4, what is 123303 - 2?
123301
In base 3, what is -10 + -21?
-101
In base 3, what is -1101001 - 11?
-1101012
In base 14, what is -7 + 8?
1
In base 3, what is 1 - -12?
20
In base 4, what is -210 + 3?
-201
In base 5, what is 3233 - 3?
3230
In base 3, what is 2 - 210202?
-210200
In base 10, what is 573 - 1?
572
In base 8, what is 23 - 62?
-37
In base 11, what is 4 + -126?
-122
In base 6, what is 2 - -32324?
32330
In base 6, what is -4 + 1042?
1034
In base 6, what is 53233 - 5?
53224
In base 7, what is -261 + 210?
-51
In base 13, what is -4 + -77?
-7b
In base 4, what is 2000 + 11?
2011
In base 7, what is 653 - -5?
661
In base 10, what is 352 + 0?
352
In base 4, what is -2032 - -31?
-2001
In base 7, what is 5126 - 4?
5122
In base 12, what is -1142 - -2?
-1140
In base 4, what is -11 - -32323?
32312
In base 10, what is -2 - -23?
21
In base 10, what is 5 - -1269?
1274
In base 14, what is ad - 0?
ad
In base 11, what is -74 - 1?
-75
In base 13, what is -2 + 300a?
3008
In base 6, what is 5 - -4?
13
In base 9, what is 0 - 52?
-52
In base 10, what is -7 + -19?
-26
In base 4, what is 3 + 200213?
200222
In base 2, what is 110001110111111 + 11?
110001111000010
In base 9, what is 15 + 114?
130
In base 9, what is 164 + 58?
233
In base 10, what is 1 + -1014?
-1013
In base 6, what is -52 - 35?
-131
In base 14, what is -91 - -10?
-81
In base 12, what is 8b - 1?
8a
In base 9, what is -3 + -138?
-142
In base 5, what is -123 + 1?
-122
In base 3, what is 200010 + -11?
122222
In base 2, what is 1111 + 10010?
100001
In base 13, what is 40b + 4?
412
In base 5, what is -3 - -13?
10
In base 15, what is -77 - 1?
-78
In base 10, what is -34 + 3?
-31
In base 3, what is 10 - -2001?
2011
In base 8, what is 3 + -43?
-40
In base 14, what is 3 + -d4?
-d1
In base 15, what is 14e8 - 4?
14e4
In base 10, what is -6495 - -5?
-6490
In base 4, what is 112 + -10001?
-3223
In base 8, what is 7 + 64?
73
In base 16, what is a + -10b9?
-10af
In base 4, what is -3 - 2011?
-2020
In base 13, what is 669 + 2?
66b
In base 6, what is -10040 - -2?
-10034
In base 9, what is 161 - 2?
158
In base 9, what is -10 - -63?
53
In base 3, what is 100202 - -21?
101000
In base 7, what is 631 - -12?
643
In base 11, what is -71 + -2?
-73
In base 9, what is -322 + -20?
-342
In base 4, what is 0 - 1332?
-1332
In base 8, what is -20 - 13?
-33
In base 16, what is 80 - -8?
88
In base 16, what is -226 - 3?
-229
In base 4, what is 20313 - 12?
20301
In base 2, what is -111 + -1100100?
-1101011
In base 8, what is 10 + 17?
27
In base 10, what is 5 - 510?
-505
In base 6, what is 3 - -5?
12
In base 2, what is 11010 + -11000100?
-10101010
In base 15, what is 1077 - -3?
107a
In base 8, what is -172 + -1?
-173
In base 16, what is 0 - f6?
-f6
In base 2, what is -1101010011 - 1?
-1101010100
In base 2, what is 100 + -1111111?
-1111011
In base 16, what is 12b2 + 4?
12b6
In base 8, what is -1230 - -17?
-1211
In base 7, what is 6 + -36?
-30
In base 12, what is -14a3 - 4?
-14a7
In base 7, what is -11 - -664?
653
In base 7, what is -343 + -4?
-350
In base 2, what is 111111110111 + 11?
111111111010
In base 11, what is 111 + 31?
142
In base 7, what is 141 - 3?
135
In base 11, what is 2 + 1aa?
201
In base 5, what is -234 + 1?
-233
In base 7, what is -13345 - 4?
-13352
In base 16, what is 1f - -a?
29
In base 8, what is 76 - -3?
101
In base 3, what is -12200 - -1011?
-11112
In base 7, what is -35 - 563?
-631
In base 13, what is 24 + 1?
25
In base 4, what is -2132 + -11?
-2203
In base 11, what is -92 - 2?
-94
In base 14, what is 288 + b?
295
In base 14, what is 5 + 37?
3c
In base 5, what is -232 + 2?
-230
In base 5, what is -244 + -20?
-314
In base 8, what is -6 + 3270?
3262
In base 2, what is 101000 - -1?
101001
In base 3, what is -1000201 + -11?
-1000212
In base 6, what is -5 + -30240?
-30245
In base 8, what is -1355 - 2?
-1357
In base 5, what is -1301 + 3?
-1243
In base 14, what is -3 + -36?
-39
In base 11, what is -14 - -127?
113
In base 7, what is 4 - -10333?
10340
In base 16, what is 3 - 91b?
-918
In base 6, what is 32 - 334?
-302
In base 7, what is 10 + -1?
6
In base 13, what is -5 - -4?
-1
In base 3, what is -101001 - -10?
-100221
In base 5, what is 114310 + 4?
114314
In base 11, what is 1 + -64?
-63
In base 5, what is -1 + 2344?
2343
In base 16, what is -4 + 234?
230
In base 2, what is 10000 - -100?
10100
In base 12, what is -156 - 61